f l and q.
7
Let n = 23 - -32. What is the highest common divisor of n and 55?
55
Let b be ((-4)/(-10))/(5/75). Suppose 2*k - 18 = -b. Calculate the highest common divisor of 9 and k.
3
Let a be (-4)/14 - 14298/(-14). Suppose a = -5*n + 3771. Suppose 5*l = 5*z + n, 1 - 3 = z. Calculate the greatest common factor of 12 and l.
12
Suppose 0*m + 3*m - 84 = 0. Suppose -2*x + 1 = -1, 2*x = 5*c - m. Suppose 5*g - c - 9 = 0. What is the greatest common divisor of 15 and g?
3
Let y(z) = -14*z - 34. Let d be y(-3). What is the greatest common divisor of d and 4?
4
Suppose -5*q + 48 + 37 = 0. Let h(y) = -y**2 + 17*y - 38. Let d be h(8). What is the highest common divisor of d and q?
17
Suppose 0*r = -4*r + 220. Let y = -2 + 7. What is the greatest common factor of r and y?
5
Let d = 9 - 5. Let i be (5/((-10)/d))/2. Let x(z) = 37*z**2 + 1. Let y be x(i). Calculate the greatest common factor of y and 19.
19
Let x(w) = w + 37. Let m be x(6). What is the highest common factor of m and 129?
43
Let l(w) = -w. Let t(p) = 9*p. Let x(q) = 4*l(q) + t(q). Let y be x(5). What is the highest common factor of 5 and y?
5
Let q = 3 + 0. Let n = 13 - q. Let m be 2 + 1*(n - 2). What is the highest common divisor of m and 40?
10
Let y = 22 - 36. Let j = y + 30. What is the highest common divisor of j and 112?
16
Suppose 11*r - 24 = 10*r. What is the greatest common divisor of r and 30?
6
Suppose -5*v + 15 = 2*k - k, 0 = -4*k - 3*v + 9. Suppose -4*g + 17 - 5 = k. What is the greatest common divisor of 12 and g?
3
Suppose 0 = o - 169 - 25. Suppose 0 = 2*i - 6*i - 5*z + 257, 5*z = -3*i + o. Calculate the greatest common divisor of i and 7.
7
Let j be 2/(0/(-4) + 1) - -8. What is the greatest common factor of 80 and j?
10
Let b be 2 - (2 + -1 - 4). What is the greatest common divisor of b and 2?
1
Suppose -5*w = 2*b - 384, w - 326 = 4*b - 1094. What is the highest common divisor of b and 12?
12
Suppose -35 = -3*p + v, v + 59 = 7*p - 2*p. What is the greatest common factor of 84 and p?
12
Let d = -12 + 51. Let i(f) = 2*f**2 + 8*f - 16. Let y be i(3). What is the highest common factor of d and y?
13
Let w(y) = 9 - 4*y**2 + y**2 + 5*y**2 + 9*y - 3*y**2. Let f be w(8). What is the highest common factor of f and 68?
17
Let z(h) = -h + 10. Let q be z(5). Let k = -38 - -76. Let w = k + -23. What is the highest common factor of q and w?
5
Suppose -2*o - 5*c = -14, -o + 3*c - 2 = o. Suppose -o*b - 10 = 3*f - 7*f, 17 = 5*b + 4*f. Calculate the highest common factor of b and 5.
1
Let a(s) = 13*s + 26. Let k be a(9). What is the greatest common factor of 13 and k?
13
Let a(k) = 2*k + 1. Let g be a(5). Let c = -1 - g. Let r be (-3)/6*c/1. What is the highest common divisor of 3 and r?
3
Suppose 16 = x - 10. What is the greatest common factor of x and 234?
26
Let j = 21 - 2. What is the highest common divisor of 57 and j?
19
Let i(k) = -k**3 - 2*k**2 + k + 3. Let f be i(-1). Suppose 0 = -4*c - 4 + 16. What is the highest common factor of f and c?
1
Let m(f) = -f**2 + 11*f - 16. Let i be m(8). Calculate the greatest common factor of i and 28.
4
Suppose -2*s = 2*s - 36. Suppose -p + 359 = 5*i, 0 = -5*i + 2*p + 486 - 124. What is the highest common divisor of i and s?
9
Let d(p) = -3*p + 23. Let w be d(0). What is the greatest common divisor of 253 and w?
23
Suppose h = -4*p - 17, 0 = -2*p - 2*p - 4*h - 8. Let c be (-6)/2 - p*3. Calculate the greatest common factor of 36 and c.
12
Suppose 244 = 4*y - 4*h, -y = y - 3*h - 119. Let b(l) = 3*l**2 - l - 1. Let o be b(-1). Suppose 5 = s - o. Calculate the greatest common factor of s and y.
8
Suppose 30 = 19*p - 16*p. Suppose 3*y = 3*a + 74 + 49, 4*y + 5*a - 155 = 0. Calculate the greatest common divisor of p and y.
10
Let l = -46 - -79. What is the highest common factor of l and 231?
33
Suppose -5*r + 5*w = -2*r - 226, -w = -r + 74. Calculate the highest common factor of 8 and r.
8
Let g = -5 - -9. Let m = -5 - -7. Suppose 2*j - 24 = -m*j. What is the greatest common divisor of g and j?
2
Let q = -38 + 74. Let p(h) = h**3 + 6*h**2 + 5*h + 4. Let n be p(-3). Suppose -r = -5*r + n. What is the greatest common factor of r and q?
4
Let c be 2/(3/(-5) - -1). Suppose 352 = c*z - 398. Suppose -54 + z = 2*b. Calculate the highest common divisor of 12 and b.
12
Let r be (16/(-72) - (-25)/(-9)) + 38. What is the highest common factor of 7 and r?
7
Let b(u) = u**3 - 2*u**2 - 2*u - 7. Let i be b(4). What is the greatest common factor of i and 85?
17
Suppose 84 = -2*k + 6*k. What is the greatest common divisor of 14 and k?
7
Let z be 2/(-2) - (-120)/6. Let g be -2 - (z*2)/(-1). Let y(v) = 25*v**3 - 2*v**2 + 1. Let u be y(1). Calculate the greatest common factor of u and g.
12
Suppose -120 = 6*f - 18*f. Suppose -3*x + 50 = 2*x. What is the highest common factor of x and f?
10
Suppose 0*y = -5*y + 75. Calculate the highest common factor of 135 and y.
15
Let k be 2/5 - (-13)/5. Suppose -k*s - u = 10 - 48, -2*u = 2*s - 28. Suppose 2*i + 3*i - 120 = 0. What is the greatest common divisor of i and s?
12
Suppose 1 + 63 = 4*y. What is the greatest common divisor of 8 and y?
8
Let z = -13 + 18. Suppose i - 5 - z = 0. Let w = 4 - -36. What is the greatest common divisor of w and i?
10
Let a be (-4 + 2)/(-2) + 2. Let b = 4 - 0. Suppose -4*o = -b*w - 2 - 6, 4*o = -2*w + 14. What is the highest common factor of w and a?
1
Suppose 0 = -3*p + 15. Suppose -p*t = 224 - 54. Let o be t/(-9) + 6/27. What is the greatest common divisor of o and 2?
2
Let b(o) = -29*o - 2. Let v be b(-3). Let f(j) = j**2 + j + 5. Let n be f(-4). Calculate the highest common factor of n and v.
17
Suppose 5*u - 15 - 7 = 3*c, 0 = c + 4. Suppose -3*p = -4*n - 42, -u*n + 0 = 4*p - 34. What is the highest common factor of p and 5?
5
Let t be -4*(82/(-4))/1 - 1. Calculate the greatest common factor of 9 and t.
9
Suppose 0 = 5*b - 3*b - 16. Let n(g) = -g**3 - 25*g**2 - 26*g - 8. Let s be n(-24). What is the greatest common factor of s and b?
8
Let t = 7 + -11. Let x be (0 + -1)/(2/t). Suppose -x*c + 21 = -3*g, 0 = 3*c - c - 2*g - 24. What is the greatest common factor of 5 and c?
5
Let h = -2 - -4. Let f be ((-9)/h)/(1/(-2)). Let r(l) = 5*l - 7. Let d be r(5). Calculate the highest common divisor of f and d.
9
Let j(n) = n**3 - 7*n**2 - 6*n - 10. Let t be j(8). Let b = 19 + -7. What is the greatest common divisor of t and b?
6
Let y = 9 - 7. Suppose 5*n - 5*i - 15 = 20, 36 = 4*n - y*i. Suppose -2*c + c = -88. Calculate the highest common divisor of c and n.
11
Let y(l) = l. Let c be y(-3). Let x(d) = -3*d**3 - d**2 + d - 4. Let s be x(c). Calculate the greatest common divisor of 26 and s.
13
Let j be (6 - (0 - -3))*1. Calculate the highest common factor of j and 2.
1
Suppose -2*a - a + 5*d + 5 = 0, 5*d - 15 = -a. Suppose 8*o + r - 104 = 3*o, 4*r + 84 = a*o. What is the greatest common factor of o and 5?
5
Suppose 0 = 5*p - 20, 3*o + 4*p = -o + 676. Let w = -29 + 17. Let n be w*(5/(-4))/1. What is the highest common factor of o and n?
15
Let y be (2 - 0)/(0 + 1). Suppose n + 2*q = -y*q + 11, -4*n + q + 61 = 0. What is the greatest common factor of 105 and n?
15
Suppose 0 = -2*l + 5*b + 13, -2*b - 2 = -5*l + 20. Suppose 0 = y + y - 88. What is the greatest common divisor of y and l?
4
Let a be -11*(3 - 3 - 1). Suppose -a = 5*c - j, 2*j = -3*j + 5. Let f = 19 + c. What is the greatest common divisor of f and 34?
17
Suppose 2*f - 52 = 2*d, -6*f + f + 129 = -4*d. Suppose 5*p + 3*q - 53 = 0, p + 5*q = -0*p + 15. What is the greatest common factor of p and f?
5
Suppose -5*c - r + 1608 = 0, 2*c + 2*r + 315 = 3*c. Suppose -2*y + 189 = -3*y. Let u = y + c. What is the highest common factor of 12 and u?
12
Let t(w) = -w**3 + 3*w + 4. Let a be t(-3). Let n = a - 7. What is the greatest common factor of n and 15?
15
Let d be ((-2)/4)/((-2)/4). Let m = d + 2. Suppose 0*z = -m*z + 48. What is the highest common factor of z and 24?
8
Suppose 2*n - 54 = 2*k, 0 = n + k - 0*k - 29. Let c be (63*-1)/(12/(-8)). Let z be ((-72)/c)/(2/(-49)). What is the highest common factor of z and n?
14
Let w(a) = 100*a - 4 + 5 - 2. Let x be w(1). Let c be (1/(-3))/((-3)/99). Calculate the greatest common factor of c and x.
11
Suppose -5*w = -2*w + 4*n - 141, 52 = w + 3*n. Calculate the highest common divisor of w and 86.
43
Let j = 171 + 